{"id":25,"date":"2017-09-19T09:57:43","date_gmt":"2017-09-19T07:57:43","guid":{"rendered":"http:\/\/frenkel-associes.fr\/new\/?page_id=25"},"modified":"2025-09-22T17:16:00","modified_gmt":"2025-09-22T15:16:00","slug":"les-associes","status":"publish","type":"page","link":"https:\/\/frenkel-associes.fr\/fr\/les-associes\/","title":{"rendered":"Les associ\u00e9s"},"content":{"rendered":"","protected":false},"excerpt":{"rendered":"","protected":false},"author":1,"featured_media":0,"parent":0,"menu_order":0,"comment_status":"closed","ping_status":"closed","template":"page-associe.php","meta":[],"acf":[],"yoast_head":"<!-- This site is optimized with the Yoast SEO plugin v20.6 - https:\/\/yoast.com\/wordpress\/plugins\/seo\/ -->\n<title>Les associ\u00e9s - Frenkel et Associ\u00e9s<\/title>\n<meta name=\"description\" content=\"Les associ\u00e9s de Frenkel &amp; Associ\u00e9s, Alain Frenkel et Marc Pelletier, sp\u00e9cialistes du contentieux fiscal\" \/>\n<meta name=\"robots\" content=\"index, follow, max-snippet:-1, max-image-preview:large, max-video-preview:-1\" \/>\n<link rel=\"canonical\" href=\"https:\/\/frenkel-associes.fr\/fr\/les-associes\/\" \/>\n<meta property=\"og:locale\" content=\"fr_FR\" \/>\n<meta property=\"og:type\" content=\"article\" \/>\n<meta property=\"og:title\" content=\"Les associ\u00e9s - Frenkel et Associ\u00e9s\" \/>\n<meta property=\"og:description\" content=\"Les associ\u00e9s de Frenkel &amp; Associ\u00e9s, Alain Frenkel et Marc Pelletier, sp\u00e9cialistes du contentieux fiscal\" \/>\n<meta property=\"og:url\" content=\"https:\/\/frenkel-associes.fr\/fr\/les-associes\/\" \/>\n<meta property=\"og:site_name\" content=\"Frenkel et Associ\u00e9s\" \/>\n<meta property=\"article:modified_time\" content=\"2025-09-22T15:16:00+00:00\" \/>\n<meta property=\"og:image\" content=\"https:\/\/frenkel-associes.fr\/wp-content\/uploads\/2018\/05\/visuel-associe-full-1.jpg\" \/>\n\t<meta property=\"og:image:width\" content=\"1478\" \/>\n\t<meta property=\"og:image:height\" content=\"1000\" \/>\n\t<meta property=\"og:image:type\" content=\"image\/jpeg\" \/>\n<meta name=\"twitter:card\" content=\"summary_large_image\" \/>\n<script type=\"application\/ld+json\" class=\"yoast-schema-graph\">{\"@context\":\"https:\/\/schema.org\",\"@graph\":[{\"@type\":\"WebPage\",\"@id\":\"https:\/\/frenkel-associes.fr\/fr\/les-associes\/\",\"url\":\"https:\/\/frenkel-associes.fr\/fr\/les-associes\/\",\"name\":\"Les associ\u00e9s - Frenkel et Associ\u00e9s\",\"isPartOf\":{\"@id\":\"https:\/\/frenkel-associes.fr\/fr\/#website\"},\"datePublished\":\"2017-09-19T07:57:43+00:00\",\"dateModified\":\"2025-09-22T15:16:00+00:00\",\"description\":\"Les associ\u00e9s de Frenkel & Associ\u00e9s, Alain Frenkel et Marc Pelletier, sp\u00e9cialistes du contentieux fiscal\",\"breadcrumb\":{\"@id\":\"https:\/\/frenkel-associes.fr\/fr\/les-associes\/#breadcrumb\"},\"inLanguage\":\"fr-FR\",\"potentialAction\":[{\"@type\":\"ReadAction\",\"target\":[[\"https:\/\/frenkel-associes.fr\/fr\/les-associes\/\"]]}]},{\"@type\":\"BreadcrumbList\",\"@id\":\"https:\/\/frenkel-associes.fr\/fr\/les-associes\/#breadcrumb\",\"itemListElement\":[{\"@type\":\"ListItem\",\"position\":1,\"name\":\"Accueil\",\"item\":\"https:\/\/frenkel-associes.fr\/fr\/\"},{\"@type\":\"ListItem\",\"position\":2,\"name\":\"Les associ\u00e9s\"}]},{\"@type\":\"WebSite\",\"@id\":\"https:\/\/frenkel-associes.fr\/fr\/#website\",\"url\":\"https:\/\/frenkel-associes.fr\/fr\/\",\"name\":\"Frenkel et Associ\u00e9s\",\"description\":\"Bienvenue sur le site officiel du cabinet d&#039;avocats Frenkel &amp; Associ\u00e9s\",\"publisher\":{\"@id\":\"https:\/\/frenkel-associes.fr\/fr\/#organization\"},\"potentialAction\":[{\"@type\":\"SearchAction\",\"target\":{\"@type\":\"EntryPoint\",\"urlTemplate\":\"https:\/\/frenkel-associes.fr\/fr\/?s={search_term_string}\"},\"query-input\":\"required name=search_term_string\"}],\"inLanguage\":\"fr-FR\"},{\"@type\":\"Organization\",\"@id\":\"https:\/\/frenkel-associes.fr\/fr\/#organization\",\"name\":\"Frenkel et Associ\u00e9s\",\"url\":\"https:\/\/frenkel-associes.fr\/fr\/\",\"logo\":{\"@type\":\"ImageObject\",\"inLanguage\":\"fr-FR\",\"@id\":\"https:\/\/frenkel-associes.fr\/fr\/#\/schema\/logo\/image\/\",\"url\":\"https:\/\/frenkel-associes.fr\/wp-content\/uploads\/2017\/09\/logo.png\",\"contentUrl\":\"https:\/\/frenkel-associes.fr\/wp-content\/uploads\/2017\/09\/logo.png\",\"width\":180,\"height\":155,\"caption\":\"Frenkel et Associ\u00e9s\"},\"image\":{\"@id\":\"https:\/\/frenkel-associes.fr\/fr\/#\/schema\/logo\/image\/\"}}]}<\/script>\n<!-- \/ Yoast SEO plugin. -->","yoast_head_json":{"title":"Les associ\u00e9s - Frenkel et Associ\u00e9s","description":"Les associ\u00e9s de Frenkel & Associ\u00e9s, Alain Frenkel et Marc Pelletier, sp\u00e9cialistes du contentieux fiscal","robots":{"index":"index","follow":"follow","max-snippet":"max-snippet:-1","max-image-preview":"max-image-preview:large","max-video-preview":"max-video-preview:-1"},"canonical":"https:\/\/frenkel-associes.fr\/fr\/les-associes\/","og_locale":"fr_FR","og_type":"article","og_title":"Les associ\u00e9s - Frenkel et Associ\u00e9s","og_description":"Les associ\u00e9s de Frenkel & Associ\u00e9s, Alain Frenkel et Marc Pelletier, sp\u00e9cialistes du contentieux fiscal","og_url":"https:\/\/frenkel-associes.fr\/fr\/les-associes\/","og_site_name":"Frenkel et Associ\u00e9s","article_modified_time":"2025-09-22T15:16:00+00:00","og_image":[{"width":1478,"height":1000,"url":"https:\/\/frenkel-associes.fr\/wp-content\/uploads\/2018\/05\/visuel-associe-full-1.jpg","type":"image\/jpeg"}],"twitter_card":"summary_large_image","schema":{"@context":"https:\/\/schema.org","@graph":[{"@type":"WebPage","@id":"https:\/\/frenkel-associes.fr\/fr\/les-associes\/","url":"https:\/\/frenkel-associes.fr\/fr\/les-associes\/","name":"Les associ\u00e9s - Frenkel et Associ\u00e9s","isPartOf":{"@id":"https:\/\/frenkel-associes.fr\/fr\/#website"},"datePublished":"2017-09-19T07:57:43+00:00","dateModified":"2025-09-22T15:16:00+00:00","description":"Les associ\u00e9s de Frenkel & Associ\u00e9s, Alain Frenkel et Marc Pelletier, sp\u00e9cialistes du contentieux fiscal","breadcrumb":{"@id":"https:\/\/frenkel-associes.fr\/fr\/les-associes\/#breadcrumb"},"inLanguage":"fr-FR","potentialAction":[{"@type":"ReadAction","target":[["https:\/\/frenkel-associes.fr\/fr\/les-associes\/"]]}]},{"@type":"BreadcrumbList","@id":"https:\/\/frenkel-associes.fr\/fr\/les-associes\/#breadcrumb","itemListElement":[{"@type":"ListItem","position":1,"name":"Accueil","item":"https:\/\/frenkel-associes.fr\/fr\/"},{"@type":"ListItem","position":2,"name":"Les associ\u00e9s"}]},{"@type":"WebSite","@id":"https:\/\/frenkel-associes.fr\/fr\/#website","url":"https:\/\/frenkel-associes.fr\/fr\/","name":"Frenkel et Associ\u00e9s","description":"Bienvenue sur le site officiel du cabinet d&#039;avocats Frenkel &amp; Associ\u00e9s","publisher":{"@id":"https:\/\/frenkel-associes.fr\/fr\/#organization"},"potentialAction":[{"@type":"SearchAction","target":{"@type":"EntryPoint","urlTemplate":"https:\/\/frenkel-associes.fr\/fr\/?s={search_term_string}"},"query-input":"required name=search_term_string"}],"inLanguage":"fr-FR"},{"@type":"Organization","@id":"https:\/\/frenkel-associes.fr\/fr\/#organization","name":"Frenkel et Associ\u00e9s","url":"https:\/\/frenkel-associes.fr\/fr\/","logo":{"@type":"ImageObject","inLanguage":"fr-FR","@id":"https:\/\/frenkel-associes.fr\/fr\/#\/schema\/logo\/image\/","url":"https:\/\/frenkel-associes.fr\/wp-content\/uploads\/2017\/09\/logo.png","contentUrl":"https:\/\/frenkel-associes.fr\/wp-content\/uploads\/2017\/09\/logo.png","width":180,"height":155,"caption":"Frenkel et Associ\u00e9s"},"image":{"@id":"https:\/\/frenkel-associes.fr\/fr\/#\/schema\/logo\/image\/"}}]}},"_links":{"self":[{"href":"https:\/\/frenkel-associes.fr\/fr\/wp-json\/wp\/v2\/pages\/25"}],"collection":[{"href":"https:\/\/frenkel-associes.fr\/fr\/wp-json\/wp\/v2\/pages"}],"about":[{"href":"https:\/\/frenkel-associes.fr\/fr\/wp-json\/wp\/v2\/types\/page"}],"author":[{"embeddable":true,"href":"https:\/\/frenkel-associes.fr\/fr\/wp-json\/wp\/v2\/users\/1"}],"replies":[{"embeddable":true,"href":"https:\/\/frenkel-associes.fr\/fr\/wp-json\/wp\/v2\/comments?post=25"}],"version-history":[{"count":35,"href":"https:\/\/frenkel-associes.fr\/fr\/wp-json\/wp\/v2\/pages\/25\/revisions"}],"predecessor-version":[{"id":938,"href":"https:\/\/frenkel-associes.fr\/fr\/wp-json\/wp\/v2\/pages\/25\/revisions\/938"}],"wp:attachment":[{"href":"https:\/\/frenkel-associes.fr\/fr\/wp-json\/wp\/v2\/media?parent=25"}],"curies":[{"name":"wp","href":"https:\/\/api.w.org\/{rel}","templated":true}]}}

Les associés

<!-- This site is optimized with the Yoast SEO plugin v20.6 - https://yoast.com/wordpress/plugins/seo/ -->
<title>Les associés - Frenkel et Associés</title>
<meta name="description" content="Les associés de Frenkel &amp; Associés, Alain Frenkel et Marc Pelletier, spécialistes du contentieux fiscal" />
<meta name="robots" content="index, follow, max-snippet:-1, max-image-preview:large, max-video-preview:-1" />
<link rel="canonical" href="https://frenkel-associes.fr/fr/les-associes/" />
<meta property="og:locale" content="fr_FR" />
<meta property="og:type" content="article" />
<meta property="og:title" content="Les associés - Frenkel et Associés" />
<meta property="og:description" content="Les associés de Frenkel &amp; Associés, Alain Frenkel et Marc Pelletier, spécialistes du contentieux fiscal" />
<meta property="og:url" content="https://frenkel-associes.fr/fr/les-associes/" />
<meta property="og:site_name" content="Frenkel et Associés" />
<meta property="article:modified_time" content="2025-09-22T15:16:00+00:00" />
<meta property="og:image" content="https://frenkel-associes.fr/wp-content/uploads/2018/05/visuel-associe-full-1.jpg" />
	<meta property="og:image:width" content="1478" />
	<meta property="og:image:height" content="1000" />
	<meta property="og:image:type" content="image/jpeg" />
<meta name="twitter:card" content="summary_large_image" />
<script type="application/ld+json" class="yoast-schema-graph">{"@context":"https://schema.org","@graph":[{"@type":"WebPage","@id":"https://frenkel-associes.fr/fr/les-associes/","url":"https://frenkel-associes.fr/fr/les-associes/","name":"Les associés - Frenkel et Associés","isPartOf":{"@id":"https://frenkel-associes.fr/fr/#website"},"datePublished":"2017-09-19T07:57:43+00:00","dateModified":"2025-09-22T15:16:00+00:00","description":"Les associés de Frenkel & Associés, Alain Frenkel et Marc Pelletier, spécialistes du contentieux fiscal","breadcrumb":{"@id":"https://frenkel-associes.fr/fr/les-associes/#breadcrumb"},"inLanguage":"fr-FR","potentialAction":[{"@type":"ReadAction","target":[["https://frenkel-associes.fr/fr/les-associes/"]]}]},{"@type":"BreadcrumbList","@id":"https://frenkel-associes.fr/fr/les-associes/#breadcrumb","itemListElement":[{"@type":"ListItem","position":1,"name":"Accueil","item":"https://frenkel-associes.fr/fr/"},{"@type":"ListItem","position":2,"name":"Les associés"}]},{"@type":"WebSite","@id":"https://frenkel-associes.fr/fr/#website","url":"https://frenkel-associes.fr/fr/","name":"Frenkel et Associés","description":"Bienvenue sur le site officiel du cabinet d&#039;avocats Frenkel &amp; Associés","publisher":{"@id":"https://frenkel-associes.fr/fr/#organization"},"potentialAction":[{"@type":"SearchAction","target":{"@type":"EntryPoint","urlTemplate":"https://frenkel-associes.fr/fr/?s={search_term_string}"},"query-input":"required name=search_term_string"}],"inLanguage":"fr-FR"},{"@type":"Organization","@id":"https://frenkel-associes.fr/fr/#organization","name":"Frenkel et Associés","url":"https://frenkel-associes.fr/fr/","logo":{"@type":"ImageObject","inLanguage":"fr-FR","@id":"https://frenkel-associes.fr/fr/#/schema/logo/image/","url":"https://frenkel-associes.fr/wp-content/uploads/2017/09/logo.png","contentUrl":"https://frenkel-associes.fr/wp-content/uploads/2017/09/logo.png","width":180,"height":155,"caption":"Frenkel et Associés"},"image":{"@id":"https://frenkel-associes.fr/fr/#/schema/logo/image/"}}]}</script>
<!-- / Yoast SEO plugin. -->

Les associés - Frenkel et Associés

Les associés de Frenkel & Associés, Alain Frenkel et Marc Pelletier, spécialistes du contentieux fiscal

Frenkel et Associés

Bienvenue sur le site officiel du cabinet d&#039;avocats Frenkel &amp; Associés
